{"id":6,"date":"2016-03-04T11:04:08","date_gmt":"2016-03-04T10:04:08","guid":{"rendered":"http:\/\/laetitiavillecourt.com\/ParlonsCoaching\/?page_id=2"},"modified":"2024-02-09T09:51:24","modified_gmt":"2024-02-09T08:51:24","slug":"page-d-exemple-2","status":"publish","type":"page","link":"https:\/\/laetitiavillecourt.com\/","title":{"rendered":"Bienvenue sur le blog \u00ab\u00a0Parlons Coaching Mental\u00a0\u00bb !"},"content":{"rendered":"<p>Coach et pr\u00e9paratrice mentale, dipl\u00f4m\u00e9e de l&rsquo;UFR STAPS de DIJON (DU Performance mentale),\u00a0vous trouverez ici\u00a0l&rsquo;offre d&rsquo;accompagnement \u00e0 la pr\u00e9paration mentale que je vous propose ainsi que les actualit\u00e9s en provenance de la page Facebook \u00ab\u00a0Parlons Coaching Mental\u00a0\u00bb.<\/p>\n<h4>COACHING MENTAL :<\/h4>\n<p>De quoi parle-t-on, quels sont les champs d&rsquo;action ? <a href=\"http:\/\/laetitiavillecourt.com\/index.php\/quels-champs-dapplication-pour-la-preparation-mentale\/\">Cliquez ici pour en savoir plus<\/a> !<\/p>\n<h4>EN CE MOMENT (2024) :<\/h4>\n<ul>\n<li><strong>Coachings individuels<\/strong> : pr\u00e9paration \u00e0 des oraux, gestion des \u00e9motions au quotidien, pr\u00e9paration mentale pour sportifs (tennis, golf, cano\u00e9, football, athl\u00e9tisme, basket, natation, &#8230;)<\/li>\n<li>Animation de formations sur <strong>la gestion du stress de l&rsquo;entrepreneur<\/strong>, pour le CGA Bourgogne-Allier.<\/li>\n<li>\u00ab\u00a0<strong>Soft Skills\u00a0\u00bb et pr\u00e9paration \u00e0 l&rsquo;oral<\/strong> de jeunes Bachelor chez <strong>EURIDIS Business School<\/strong> de Lyon (octobre 2022)<\/li>\n<li>Intervention sur le mental aupr\u00e8s des jeunes du Comit\u00e9 D\u00e9partemental de Golf de l&rsquo;Yonne (89) (plusieurs dates en 2021 et 2022)<\/li>\n<\/ul>\n<h4>Il y a quelques temps d\u00e9j\u00e0 :<\/h4>\n<p><img loading=\"lazy\" decoding=\"async\" class=\"size-medium wp-image-93\" src=\"http:\/\/laetitiavillecourt.com\/wp-content\/uploads\/2022\/06\/LePetitVeloDansMonCerveau-225x300.jpg\" alt=\"\" width=\"225\" height=\"300\" srcset=\"https:\/\/laetitiavillecourt.com\/wp-content\/uploads\/2022\/06\/LePetitVeloDansMonCerveau-225x300.jpg 225w, https:\/\/laetitiavillecourt.com\/wp-content\/uploads\/2022\/06\/LePetitVeloDansMonCerveau.jpg 750w\" sizes=\"auto, (max-width: 225px) 100vw, 225px\" \/><\/p>\n<ul>\n<li>31 mars 2019 : lancement du livre \u00ab\u00a0<strong>Le petit v\u00e9lo dans mon cerveau<\/strong> : guide pratique pour comprendre le discours int\u00e9rieur et le faire taire\u00a0\u00bb. <a href=\"http:\/\/laetitiavillecourt.com\/index.php\/le-petit-velo-dans-mon-cerveau-guide-pratique-pour-comprendre-le-discours-interieur-et-le-faire-taire\/\">En savoir plus en cliquant ici<\/a> !\u00a0<\/li>\n<li>J&rsquo;ai eu le plaisir d&rsquo;animer deux ateliers lors des s\u00e9minaires de rentr\u00e9e des 4e ann\u00e9e de l&rsquo;INSEEC de Lyon, en novembre 2016 et septembre 2017. Mental d&rsquo;acier et l&rsquo;agilit\u00e9 mentale \u00e9taient au programme !<\/li>\n<\/ul>\n<p><img loading=\"lazy\" decoding=\"async\" class=\"alignnone size-medium wp-image-95\" src=\"http:\/\/laetitiavillecourt.com\/wp-content\/uploads\/2022\/06\/couverture-seminaire-rentree-2017-300x211.jpg\" alt=\"\" width=\"300\" height=\"211\" srcset=\"https:\/\/laetitiavillecourt.com\/wp-content\/uploads\/2022\/06\/couverture-seminaire-rentree-2017-300x211.jpg 300w, https:\/\/laetitiavillecourt.com\/wp-content\/uploads\/2022\/06\/couverture-seminaire-rentree-2017-1024x721.jpg 1024w, https:\/\/laetitiavillecourt.com\/wp-content\/uploads\/2022\/06\/couverture-seminaire-rentree-2017-768x540.jpg 768w, https:\/\/laetitiavillecourt.com\/wp-content\/uploads\/2022\/06\/couverture-seminaire-rentree-2017.jpg 1124w\" sizes=\"auto, (max-width: 300px) 100vw, 300px\" \/><\/p>\n<h4>EN DIRECT DEPUIS FACEBOOK\u00a0:<\/h4>\n<div class=\"cff-wrapper\">\t<div id=\"cff-visual-header-1506155969693376\" class=\"cff-visual-header cff-has-name cff-has-about\">\n\t\t\t\t\t\t<div class=\"cff-header-inner-wrap\">\n\t\t\t\t\t\t<div class=\"cff-header-text\" >\n\n\t\t\t\t            <a href=\"https:\/\/facebook.com\/1506155969693376\" target=\"_blank\" rel=\"nofollow noopener\" title=\"\" class=\"cff-header-name\"><h3 style=\"font-size:inheritpx;\"><\/h3><\/a>\n\t\t\t\t        \t\t\t\t\t\t<\/div>\n\t\t<\/div>\n\t<\/div>\n<div class=\"cff-wrapper-ctn \" ><div id=\"cff\"  class=\"cff cff-list-container  cff-default-styles  cff-mob-cols-1 cff-tab-cols-1\"   style=\"width:100%;\"   data-char=\"400\" ><div class=\"cff-error-msg\">\n\t<div>\n\t\t<i class=\"fa fa-lock\" aria-hidden=\"true\" style=\"margin-right: 5px;\"><\/i><b>Ce message est uniquement visible par les administrateurs\/administratrices.<\/b><br\/>\n\t\tProbl\u00e8me d\u2019affichage des publications Facebook. Mise en cache de sauvegarde en cours.\t\t\t\t\t<br\/><a href=\"javascript:void(0);\" id=\"cff-show-error\" onclick=\"cffShowError()\">Cliquer pour afficher l\u2019erreur<\/a>\n\t\t\t<script type=\"text\/javascript\">function cffShowError() { document.getElementById(\"cff-error-reason\").style.display = \"block\"; document.getElementById(\"cff-show-error\").style.display = \"none\"; }<\/script>\n\t\t\t<\/div>\n\t\t\t<div id=\"cff-error-reason\">\n\t\t\t\t\t\t\t\t\t<b>Erreur:<\/b> Error validating access token: The session has been invalidated because the user changed their password or Facebook has changed the session for security reasons.\t\t\t\t\t\t\t\t\t\t\t\t\t<b>Type:<\/b> OAuthException\t\t\t\t\t\t\t\t\t\t\t\t\t\t\t\t\t\t\t\t\t\t\t\t\t\t\t\t\n\t\t\t<\/div>\n\t\t\t\t\n<\/div>\n<div class=\"cff-posts-wrap\">\n<div class=\"cff-likebox cff-bottom\" >\n\t\t<iframe title=\"Likebox Iframe\" src=\"\" class=\"fb_iframe_widget\" data-likebox-id=\"1506155969693376\" data-likebox-width=\"300\" data-likebox-header=\"\" data-hide-cover=\"\" data-hide-cta=\"\" data-likebox-faces=\"\" data-height=\"130\" data-locale=\"fr_FR\" scrolling=\"no\" allowTransparency=\"true\" allow=\"encrypted-media\" ><\/iframe>\n<\/div>\n<\/div><input class=\"cff-pag-url\" type=\"hidden\" data-locatornonce=\"90753d980a\" data-cff-shortcode=\"\" data-post-id=\"6\" data-feed-id=\"1506155969693376\"><\/div><\/div><div class=\"cff-clear\"><\/div><\/div>\n\n","protected":false},"excerpt":{"rendered":"<p>Coach et pr\u00e9paratrice mentale, dipl\u00f4m\u00e9e de l&rsquo;UFR STAPS de DIJON (DU Performance mentale),\u00a0vous trouverez ici\u00a0l&rsquo;offre d&rsquo;accompagnement \u00e0 la pr\u00e9paration mentale que je vous propose ainsi que les actualit\u00e9s en provenance de la page Facebook \u00ab\u00a0Parlons Coaching Mental\u00a0\u00bb. COACHING MENTAL : De quoi parle-t-on, quels sont les champs d&rsquo;action ? Cliquez ici pour en savoir plus&hellip; <a class=\"more-link\" href=\"https:\/\/laetitiavillecourt.com\/\">Poursuivre la lecture <span class=\"screen-reader-text\">Bienvenue sur le blog \u00ab\u00a0Parlons Coaching Mental\u00a0\u00bb !<\/span><\/a><\/p>\n","protected":false},"author":2,"featured_media":0,"parent":0,"menu_order":0,"comment_status":"closed","ping_status":"open","template":"","meta":{"footnotes":""},"class_list":["post-6","page","type-page","status-publish","hentry","entry"],"_links":{"self":[{"href":"https:\/\/laetitiavillecourt.com\/index.php\/wp-json\/wp\/v2\/pages\/6","targetHints":{"allow":["GET"]}}],"collection":[{"href":"https:\/\/laetitiavillecourt.com\/index.php\/wp-json\/wp\/v2\/pages"}],"about":[{"href":"https:\/\/laetitiavillecourt.com\/index.php\/wp-json\/wp\/v2\/types\/page"}],"author":[{"embeddable":true,"href":"https:\/\/laetitiavillecourt.com\/index.php\/wp-json\/wp\/v2\/users\/2"}],"replies":[{"embeddable":true,"href":"https:\/\/laetitiavillecourt.com\/index.php\/wp-json\/wp\/v2\/comments?post=6"}],"version-history":[{"count":7,"href":"https:\/\/laetitiavillecourt.com\/index.php\/wp-json\/wp\/v2\/pages\/6\/revisions"}],"predecessor-version":[{"id":115,"href":"https:\/\/laetitiavillecourt.com\/index.php\/wp-json\/wp\/v2\/pages\/6\/revisions\/115"}],"wp:attachment":[{"href":"https:\/\/laetitiavillecourt.com\/index.php\/wp-json\/wp\/v2\/media?parent=6"}],"curies":[{"name":"wp","href":"https:\/\/api.w.org\/{rel}","templated":true}]}}