{"id":68,"date":"2018-06-05T09:28:33","date_gmt":"2018-06-05T08:28:33","guid":{"rendered":"http:\/\/laetitiavillecourt.com\/ParlonsCoaching\/?page_id=68"},"modified":"2018-06-05T09:28:33","modified_gmt":"2018-06-05T08:28:33","slug":"quels-champs-dapplication-pour-la-preparation-mentale","status":"publish","type":"page","link":"https:\/\/laetitiavillecourt.com\/index.php\/quels-champs-dapplication-pour-la-preparation-mentale\/","title":{"rendered":"Quels champs d&rsquo;application pour la pr\u00e9paration mentale ?"},"content":{"rendered":"<p><u><strong>EN GROUPE<\/strong><\/u><br \/>\n&#8211; qu&rsquo;est-ce que le mental : de quoi parle-t-on ?<br \/>\n&#8211; comment fonctionne le <strong>cerveau<\/strong> ?<br \/>\n&#8211; comment fonctionne le <strong>stress<\/strong> ?<br \/>\n&#8211; comprendre les <strong>\u00e9motions<\/strong><br \/>\n&#8211; exercices de <strong>respiration et de relaxation<\/strong> : respiration abdominale, coh\u00e9rence cardiaque, respiration rel\u00e2chement, respiration activante&#8230;<br \/>\n&#8211;<strong> imagerie mentale et visualisation<\/strong> : r\u00e9p\u00e9tition mentale de gestes techniques, visualisation de situations, vid\u00e9o mentale de situation apaisante ou de situation de r\u00e9ussite<br \/>\n&#8211; gestion de <strong>l&rsquo;erreur<br \/>\n<\/strong>&#8211; &#8230;<\/p>\n<p>&#8211; <strong>Coh\u00e9sion de groupe<\/strong> (peut \u00eatre utile pour les comp\u00e9titions en \u00e9quipe, pour fluidifier la vie du groupe) : connaissance mutuelle, \u00e0 quoi je sers dans le groupe, les valeurs du groupe&#8230; qui peuvent d\u00e9boucher sur une production commune du groupe (blason, chanson, devise&#8230;)<\/p>\n<p><u><strong>EN INDIVIDUEL<\/strong><\/u><br \/>\n&#8211; aborder et\/ou approfondir les points propos\u00e9s dans EN GROUPE<br \/>\n&#8211; <strong>auto-\u00e9valuation<\/strong> de sa force mentale<br \/>\n&#8211; construction de <strong>routine<\/strong><br \/>\n&#8211; travail sur les <strong>objectifs<\/strong>, la <strong>motivation<\/strong><br \/>\n&#8211; construction d&rsquo;un <strong>blason<\/strong> (recherche des forces, des valeurs)<br \/>\n&#8211; gestion de l<strong>&lsquo;estime de soi<\/strong><br \/>\n&#8211; d\u00e9velopper la <strong>confiance en soi<\/strong><br \/>\n&#8211; d\u00e9constructions de <strong>croyances<\/strong> limitantes (ex : \u00ab\u00a0je suis nul\u00a0\u00bb, \u00ab\u00a0machin est beaucoup plus fort\u00a0\u00bb&#8230;)<br \/>\n&#8211; <strong>protocole d&rsquo;avant rendez-vous<\/strong> : \u00ab\u00a0ce que je fais la veille, le matin&#8230; pour \u00eatre pr\u00eat\u00a0\u00bb<br \/>\n&#8211; g\u00e9rer le <strong>discours int\u00e9rieur<\/strong> : comment faire taire les petites voix n\u00e9gatives et les remplacer par un discours positif.<br \/>\n&#8211; gestion de <strong>l&rsquo;\u00e9chec<br \/>\n<\/strong>&#8211; &#8230;<\/p>\n","protected":false},"excerpt":{"rendered":"<p>EN GROUPE &#8211; qu&rsquo;est-ce que le mental : de quoi parle-t-on ? &#8211; comment fonctionne le cerveau ? &#8211; comment fonctionne le stress ? &#8211; comprendre les \u00e9motions &#8211; exercices de respiration et de relaxation : respiration abdominale, coh\u00e9rence cardiaque, respiration rel\u00e2chement, respiration activante&#8230; &#8211; imagerie mentale et visualisation : r\u00e9p\u00e9tition mentale de gestes techniques,&hellip; <a class=\"more-link\" href=\"https:\/\/laetitiavillecourt.com\/index.php\/quels-champs-dapplication-pour-la-preparation-mentale\/\">Poursuivre la lecture <span class=\"screen-reader-text\">Quels champs d&rsquo;application pour la pr\u00e9paration mentale ?<\/span><\/a><\/p>\n","protected":false},"author":2,"featured_media":0,"parent":0,"menu_order":0,"comment_status":"closed","ping_status":"closed","template":"","meta":{"footnotes":""},"class_list":["post-68","page","type-page","status-publish","hentry","entry"],"_links":{"self":[{"href":"https:\/\/laetitiavillecourt.com\/index.php\/wp-json\/wp\/v2\/pages\/68","targetHints":{"allow":["GET"]}}],"collection":[{"href":"https:\/\/laetitiavillecourt.com\/index.php\/wp-json\/wp\/v2\/pages"}],"about":[{"href":"https:\/\/laetitiavillecourt.com\/index.php\/wp-json\/wp\/v2\/types\/page"}],"author":[{"embeddable":true,"href":"https:\/\/laetitiavillecourt.com\/index.php\/wp-json\/wp\/v2\/users\/2"}],"replies":[{"embeddable":true,"href":"https:\/\/laetitiavillecourt.com\/index.php\/wp-json\/wp\/v2\/comments?post=68"}],"version-history":[{"count":0,"href":"https:\/\/laetitiavillecourt.com\/index.php\/wp-json\/wp\/v2\/pages\/68\/revisions"}],"wp:attachment":[{"href":"https:\/\/laetitiavillecourt.com\/index.php\/wp-json\/wp\/v2\/media?parent=68"}],"curies":[{"name":"wp","href":"https:\/\/api.w.org\/{rel}","templated":true}]}}